and u?
101
Let a = 31 - 41. Let k be (-22)/a + 4/(-20). Calculate the highest common divisor of k and 8.
2
Suppose -y = -2*y + 4*g + 52, -2*g + 84 = 2*y. Suppose -616 = -23*l - 33*l. What is the greatest common divisor of l and y?
11
Suppose 37*o = 721 + 500. Calculate the greatest common divisor of 45 and o.
3
Suppose 18*t = 14*t + 72. What is the greatest common factor of t and 45?
9
Let t(c) = -c**3 + 6*c**2 + c + 8. Let g be t(6). Suppose -i + 48 = -0*i. Let b = i - 6. What is the highest common factor of g and b?
14
Let y = -43 - -10. Let n = -13 - y. Calculate the highest common divisor of n and 2.
2
Let n(f) = 78*f**3 - 1. Let s(o) = o**2 + 2*o + 1. Let k be s(-3). Let y be 0 - (-1 + k - 4). Let q be n(y). Calculate the highest common factor of 11 and q.
11
Let v be 16/2 + -6 + 1699. Calculate the greatest common factor of 27 and v.
27
Let t(i) = -4*i**2 - 7*i + 149. Let n be t(-7). What is the highest common factor of 227 and n?
1
Suppose -859*d = -858*d - 18. Calculate the greatest common factor of d and 1098.
18
Suppose 560 = 5*r - r - x, -16 = -4*x. Calculate the greatest common divisor of r and 47.
47
Let t(n) = n**3 - 1. Let g be t(1). Suppose 3*p = 6*p + 9, g = 3*s + 2*p - 24. What is the highest common factor of s and 50?
10
Let f(z) = -25*z - 536. Let q be f(-23). Calculate the highest common divisor of 1482 and q.
39
Let v(j) = j**3 + 2*j**2 + 3*j + 6. Let p be v(-2). Suppose p = -3*w - 4*z + 39, -w - 2*z + 8 + 5 = 0. Calculate the greatest common divisor of 91 and w.
13
Suppose 778 = 76*x - 514. Calculate the highest common factor of 1819 and x.
17
Let a(y) = 11*y + 69. Let w be a(-3). Calculate the greatest common factor of 162 and w.
18
Suppose 0 = 4*s - 0*s - 248. Suppose -d + s = 47. What is the highest common factor of d and 60?
15
Let g = 132 - 66. Suppose 24*f - 69 - 75 = 0. Calculate the highest common divisor of g and f.
6
Suppose -88*g = -87*g - 94. Calculate the highest common divisor of 1 and g.
1
Let p = 1833 + -1815. What is the greatest common factor of 1602 and p?
18
Suppose -518 = -4*c - 70. Calculate the highest common factor of c and 84.
28
Let j = 22 + -13. Let y be (0/(-2))/(-2) + j. Let q = 21390 + -21354. What is the greatest common divisor of q and y?
9
Suppose d - 18 = -2*d. Let x = -3 - -7. Calculate the greatest common factor of x and d.
2
Let c = -7716 + 7750. Let p(x) = -20*x - 1. Let y be p(-4). Suppose -j - 19 + y = 5*r, 5*r = -2*j + 145. What is the greatest common factor of c and j?
17
Let n = 781 + -733. What is the highest common divisor of n and 88?
8
Suppose 3*u = -0*u + 480. Let n be 7/(5/(u/68) + -2). What is the highest common divisor of n and 84?
28
Let h be (-2)/((-126)/31 - -4). Let u = -18 + h. Let s be -2*((-114)/4 + -4). Calculate the greatest common divisor of u and s.
13
Let d(k) = -k**2 - 7*k - 6. Let z be d(-4). Suppose -5*l = 4*t - 36, -4*l - 1 = -5*t + 3. What is the highest common factor of l and z?
2
Suppose 21*b = 12*b + 360. Let f = -8 + 11. Let s be (2 - -1)/(f/5). What is the highest common factor of b and s?
5
Let w be (-1390)/(-25) - (-16)/40. What is the greatest common divisor of 462 and w?
14
Let j be (-18)/(-27)*6/2. Calculate the highest common divisor of 86 and j.
2
Let j(m) = -m**2 + 11*m - 7. Let a be j(6). Let f be -3 - 404*(-3 + 2). Suppose -f - 335 = -4*u. Calculate the highest common divisor of u and a.
23
Let w = -1261 - -1278. Suppose 151 + 614 = 5*a. Calculate the highest common divisor of a and w.
17
Suppose -5*w - 7 = 2*a + 3, -2*a = 2*w - 2. Suppose 4*c + a*t - 61 = 0, -43 = -3*c + c - 5*t. What is the greatest common divisor of 9 and c?
9
Suppose -403 - 1240 = -h + 4*a, 0 = -3*h + 3*a + 4929. Suppose 2*n + 4*z = 1090, 0 = -n - 2*n - 2*z + h. What is the greatest common divisor of n and 61?
61
Let s = -62 - -89. Suppose 13*u - 12*u = 3. Calculate the greatest common divisor of u and s.
3
Suppose -3*b - 2 = -194. Calculate the highest common divisor of b and 1856.
64
Suppose -16*d - 2200 = -27*d. What is the greatest common factor of 25 and d?
25
Let u = -7 - -9. Suppose -u*z - 2*z - 2*g = -590, -z + 155 = -g. Calculate the greatest common factor of 25 and z.
25
Let p(d) = d**3 - d**2 + 2. Let k be p(0). Let u be ((-6)/9)/(k/(-6)). Let v be 30 + (8/u - 2). Calculate the greatest common divisor of v and 16.
16
Let o = -290 + 428. What is the greatest common divisor of 18 and o?
6
Suppose -1170 = -51*m + 41*m. What is the highest common factor of m and 78?
39
Let u(t) = 3*t**2 - 2*t - 2. Let o be u(-3). Suppose -38*p - 1956 + 5490 = 0. What is the greatest common divisor of o and p?
31
Let q be (-2 + (-1179)/(-18))/(2/4). Suppose 3*x - q = -31. What is the greatest common factor of 48 and x?
16
Let p = -790 + 805. Calculate the greatest common factor of 20 and p.
5
Let r(g) = 2*g - 14. Let s be r(-15). Let t(f) = -2*f - 8. Let b be t(-6). Let i be (-363)/s + (-1)/b. What is the highest common divisor of 1 and i?
1
Let w(o) = 4*o - 8. Let l be w(4). Let x be ((-48)/(-4))/(0 + l/20). Calculate the highest common divisor of 10 and x.
10
Suppose -5*b + 49 + 16 = 0. What is the greatest common divisor of 364 and b?
13
Let t be 50/1125 + 13723/45. Calculate the greatest common factor of 5 and t.
5
Let x be (-5 - 628/(-8)) + 3/(-2). Suppose -3*y + 42 = -4*z + 6, 0 = -5*z. What is the highest common factor of x and y?
12
Let q be 34/12 - 6/(-36). Suppose q*s - 5*s = -32. Let x = s + -7. Calculate the greatest common factor of x and 1.
1
Let g(u) = 2*u**2 - 5. Let z be g(2). Suppose 0 = -z*n + 46 + 89. What is the greatest common factor of 30 and n?
15
Suppose -5*g = -4*g - 4*c - 478, 2*g - 2*c = 932. Calculate the greatest common divisor of 42 and g.
42
Let n = 259 + -213. Suppose 2*d - 58 = -12. Calculate the greatest common divisor of d and n.
23
Suppose -3*o - 2*q + 33 = 2*q, 0 = o + 5*q - 22. Let n(p) = -o*p - 8 - 4 + 6. Let g be n(-10). Calculate the greatest common factor of g and 16.
16
Suppose -6*f + f + 25 = 0, 4*f + 15 = 5*a. Suppose -a*z + z = -576. Calculate the greatest common divisor of 8 and z.
8
Suppose 5*q + 3*r - 45 = 8*r, 0 = -5*q - 4*r + 27. Let x be (1 - -2)*(-42)/(-9). What is the greatest common factor of q and x?
7
Let m = 5 + -23. Let k(f) = -f**2 - 18*f + 25. Let h be k(m). Calculate the greatest common factor of h and 75.
25
Let f be (33/(-30) - (-9)/15)*-36. Suppose 235 + 89 = 2*y. What is the greatest common factor of y and f?
18
Suppose 36*t - 47*t = -55. Suppose 2*w + 6 = 16. What is the greatest common factor of t and w?
5
Let u(i) = -i**3 - 14*i**2 + i + 4. Let q be u(-14). Let c be q/(1*2/(-8)). What is the greatest common divisor of 40 and c?
40
Let b be -1*28*(-936)/91. What is the greatest common divisor of b and 126?
18
Let s(q) = 3*q + 48. Let f be s(-16). Let r be f + 59 - (-11 + 9 - -4). Calculate the highest common factor of 95 and r.
19
Let d be (-1 + 0)*5152/(-28). Calculate the highest common factor of d and 16.
8
Let t(g) = -g**3 + 18*g**2 - 65*g - 24. Let w be t(10). What is the highest common factor of 56 and w?
14
Suppose -5*k - 4*h + 50 = 0, -5*k + 2*h - 4*h + 40 = 0. Let w = -7 - -11. What is the highest common factor of w and k?
2
Let w be ((-6)/(-19))/(-3) - 153909/(-2793). Suppose -2*d = -0*d + 4*n + 70, 4 = -n. Let b = -16 - d. Calculate the greatest common factor of w and b.
11
Let t = -429 - -209. Let h be (-2)/(-4) + t/(-8). Calculate the highest common divisor of h and 7.
7
Let m(q) = 64*q**3 - 2*q + 1. Suppose -7*p + 3 = -4. Let o be m(p). What is the greatest common divisor of 7 and o?
7
Let g be (-20)/(-6)*(-14 + 17). Let n = 18 - g. What is the highest common divisor of 56 and n?
8
Suppose 4*o - 2 - 7 = -3*w, 17 = 2*o - w. Suppose o = 3*f + a + 2*a, -5 = -5*a. Suppose -f = h - 13. Calculate the greatest common factor of h and 96.
12
Let k(h) = 121*h - 110. Let l be k(13). What is the highest common divisor of l and 77?
77
Suppose z + 7*z - 16 = 0. Suppose a + p = 47, -3*a = z*p - 35 - 104. What is the greatest common divisor of a and 27?
9
Let h = 252 - 236. What is the greatest common factor of h and 16?
16
Suppose -u + 5*t + 28 = 2*u, 3*t + 12 = -3*u. Let m(a) = 3*a + 1. Let d be m(u). Let c be (-2)/d + 72/16. Calculate the greatest common divisor of c and 2.
2
Suppose 5*o = 25, -2*y + 5*o -